mine p(-2).
-55
Let s(w) = -372*w - 9710. What is s(-26)?
-38
Let t(m) = m**3 - 51*m**2 + 548*m + 402. Calculate t(35).
-18
Let t(k) = 1381*k + 19547. Give t(-14).
213
Let x(g) = g**2 + 9742*g + 1636664. Give x(-171).
23
Let a(h) = -3*h**3 + 87*h**2 - 651*h + 307. Calculate a(14).
13
Let f(d) = -15*d**3 - 4*d**2 + 92*d - 440. Calculate f(6).
-3272
Let r(i) = 111308*i + 11242106. Calculate r(-101).
-2
Let i(y) = -3*y**3 - 5*y**2 + 36. Determine i(-2).
40
Let h(w) = -36*w**3 + 4892*w**2 + 500*w + 5970. What is h(136)?
-14
Let d(k) = -3*k**3 + 9*k**2 + 38*k - 64. Give d(6).
-160
Let j(i) = -169*i**2 + 1131*i + 1131. What is j(-1)?
-169
Let l(j) = j**2 - 63573*j - 763091. Calculate l(-12).
-71
Let x(t) = 4*t**2 + 1457*t + 12965. Calculate x(-9).
176
Let t(k) = -996313*k + 4981574. What is t(5)?
9
Let x(h) = 22*h**2 + 1146*h + 2248. What is x(-2)?
44
Let a(j) = -j**3 - 196*j**2 - 758*j + 2370. Give a(-192).
450
Let f(j) = 40336*j - 279891. Calculate f(7).
2461
Let z(x) = x**3 - 222*x**2 + 4748*x + 803. Give z(198).
11
Let u(a) = a**3 - 151*a**2 - 1274*a - 8. Determine u(-8).
8
Let j(l) = 2*l**2 + 1395*l - 271. What is j(0)?
-271
Let n(h) = -h**2 + 110*h - 1527. What is n(88)?
409
Let t(v) = 130*v - 89. Calculate t(1).
41
Let c(w) = -18969*w + 190196. What is c(10)?
506
Let i(o) = 18720*o + 206555. Calculate i(-11).
635
Let l(q) = -67*q**2 + 14470*q - 84397. What is l(6)?
11
Let v(s) = 324*s - 51828. Determine v(160).
12
Let i(h) = -206*h**2 - 464*h + 15. What is i(-4)?
-1425
Let a(k) = -21*k**2 - 97*k - 796. Determine a(-9).
-1624
Let w(q) = -7590*q**2 + 121430*q + 69. Determine w(16).
-91
Let w(o) = -o**3 + 121*o**2 - 1745*o - 101997. Calculate w(88).
-5
Let w(s) = 9644*s - 4667693. Give w(484).
3
Let k(m) = 12*m**2 - 1566*m + 750. Calculate k(130).
-30
Let o(w) = -28697*w - 86076. What is o(-3)?
15
Let f(h) = -2*h**3 + 199*h**2 + 102*h + 168. Give f(100).
368
Let r(q) = -37*q**2 + 1895*q - 616. Give r(51).
-208
Let k(t) = -4801*t + 264087. What is k(55)?
32
Let l(o) = -1826*o - 127922. Give l(-70).
-102
Let s(y) = 12*y**2 + 214*y - 1336. Calculate s(-23).
90
Let w(s) = 3731*s - 44256. Determine w(12).
516
Let v(g) = -11058*g - 375408. Determine v(-34).
564
Let f(k) = -k**3 - 5*k**2 + 22867*k - 22864. Determine f(1).
-3
Let j(q) = -25672*q + 667481. Give j(26).
9
Let d(g) = -646*g**3 + g**2 + 15*g + 26. What is d(-2)?
5168
Let w(q) = -13323*q - 2344836. Give w(-176).
12
Let c(a) = -983857*a + 8854715. Calculate c(9).
2
Let q(r) = 2*r**3 + 194*r**2 + 736*r - 44. Calculate q(-4).
-12
Let r(k) = -583*k - 105684. Calculate r(-182).
422
Let s(y) = -y**2 + 501*y - 21420. Calculate s(451).
1130
Let q(o) = -4*o**2 - 2943*o - 29155. Give q(-10).
-125
Let l(b) = -1855*b**2 - 448908*b + 490. What is l(-242)?
6
Let z(o) = -1250*o - 234449. What is z(-187)?
-699
Let j(c) = 3579*c + 18679. Determine j(-5).
784
Let j(z) = -4*z**3 - 761*z**2 - 2289*z - 254023. Calculate j(-189).
-7
Let g(a) = a**2 - 2107*a + 876875. Determine g(571).
-181
Let o(t) = -929389*t - 15799627. What is o(-17)?
-14
Let s(k) = -k**2 - 30*k + 883. Give s(18).
19
Let c(k) = 34*k**2 - 2017*k - 10137. Determine c(64).
39
Let w(r) = -8*r**2 - 732*r + 5093. Give w(-98).
-3
Let h(q) = -q**3 - 32*q**2 - 170*q - 206. Determine h(-26).
158
Let a(w) = 2*w**3 - 113*w**2 - 158*w - 1385. Give a(58).
-457
Let t(n) = -6*n**2 - 131*n + 2473. Give t(-34).
-9
Let n(z) = 3*z**2 - 311*z + 506. Calculate n(102).
-4
Let m(l) = 2*l**3 + 294*l**2 + 286*l - 1035. What is m(-146)?
-159
Let g(y) = y**2 + 179*y + 1009. Determine g(-5).
139
Let u(w) = -w**2 - 8047*w - 1607615. What is u(-205)?
-5
Let m(i) = 85*i**2 + 676*i - 746. Give m(-9).
55
Let q(n) = -84*n**2 - 2582*n - 17421. Give q(-10).
-1
Let y(t) = -4*t**3 - 92*t**2 + 76*t + 48. Give y(-23).
-1700
Let y(x) = -5105*x - 22144. Give y(-5).
3381
Let h(x) = -20690*x**2 - 558673*x - 1164. Give h(-27).
-3
Let s(i) = 408*i - 3817. What is s(11)?
671
Let l(s) = -2*s**2 - 64*s + 32761. Calculate l(113).
-9
Let p(u) = 2319*u - 74290. Determine p(32).
-82
Let r(n) = 104648*n - 209273. Determine r(2).
23
Let c(d) = -d**2 - 24025*d + 914650. Calculate c(38).
256
Let n(c) = c**3 + 211*c**2 + 6830*c - 417. Determine n(-40).
-17
Let s(l) = -146*l - 4927. Give s(-52).
2665
Let f(d) = 44*d**3 + 9*d**2 - 109*d + 345. Calculate f(3).
1287
Let k(c) = c**2 + 2286*c - 43867. Determine k(19).
-72
Let y(t) = t**2 - 714*t + 23136. Calculate y(34).
16
Let n(u) = -71*u**2 - 362*u - 24. Give n(-8).
-1672
Let m(u) = -39983*u - 79953. Determine m(-2).
13
Let p(l) = -l**3 + 48*l**2 - 506*l - 269. Determine p(15).
-434
Let s(k) = 2*k**2 - 334*k + 3113. Determine s(10).
-27
Let i(m) = -1104294*m + 15460115. What is i(14)?
-1
Let q(d) = -5*d**3 - 5*d**2 + 91*d + 86. What is q(-8)?
1598
Let c(o) = -4*o**2 + 423*o - 11084. What is c(57)?
31
Let d(m) = 2652*m**2 - 742560*m - 4. Calculate d(280).
-4
Let j(x) = -69*x**3 + 1869*x**2 - 1856*x - 12. Calculate j(1).
-68
Let n(w) = -67*w + 3136. Determine n(39).
523
Let j(o) = -8859*o**2 - 35442*o - 3. Calculate j(-4).
21
Let n(a) = -539*a + 10478. What is n(20)?
-302
Let i(l) = 2*l**3 + 987*l - 4018. What is i(4)?
58
Let p(k) = 6183*k - 43324. Give p(7).
-43
Let n(b) = 3*b**2 + 60*b - 2389. Give n(19).
-166
Let l(h) = -7*h**3 + 1540*h**2 + 94*h - 20680. Determine l(220).
0
Let n(p) = -p**2 - 1629*p + 102875. Calculate n(61).
-215
Let l(s) = 2051*s - 164299. Give l(80).
-219
Let a(d) = -d**3 + 9*d**2 + 81*d + 118. Give a(-5).
63
Let t(h) = -2*h**3 + 45*h**2 + 3331*h - 71241. Give t(21).
33
Let h(u) = -2*u**3 - 33*u**2 + 41*u - 198. Give h(-18).
36
Let l(o) = 5*o**3 - 2509*o**2 - 520*o + 9858. Calculate l(502).
822
Let g(m) = -m**2 - 1331*m - 146237. What is g(-121)?
173
Let c(n) = -4*n**3 + 432*n**2 + 11434*n - 126. Determine c(-22).
6
Let l(b) = b**3 + 3*b**2 + 166*b + 1411. Give l(-10).
-949
Let c(b) = -44*b - 4955. Give c(-148).
1557
Let x(w) = 2*w**2 + 5209*w - 966936. Calculate x(174).
-18
Let y(w) = -208453*w - 9380380. Give y(-45).
5
Let p(j) = -18414*j - 147162. Give p(-8).
150
Let j(h) = -41148*h + 2839208. What is j(69)?
-4
Let j(k) = 12386*k + 61954. Calculate j(-5).
24
Let b(s) = -2*s**3 + 8*s**2 + 370*s + 1226. Calculate b(17).
2
Let j(d) = -116065*d + 696299. Calculate j(6).
-91
Let q(z) = 2*z**3 - 120*z**2 + 1886*z - 132387. Give q(62).
-79
Let u(v) = 5*v**3 - 63*v**2 + 77*v + 7. Give u(10).
-523
Let f(k) = -8799*k - 1399036. What is f(-159)?
5
Let b(q) = -16*q**2 - 582*q + 996. Calculate b(-39).
-642
Let f(o) = -485000*o + 1939992. Calculate f(4).
-8
Let p(o) = -4*o**3 + 310*o**2 - 483*o + 2053. Calculate p(76).
1
Let q(j) = 2*j**2 - 855*j + 5389. Determine q(422).
747
Let a(k) = 4*k**3 - 825*k**2 + 16857*k + 48. Give a(23).
2
Let v(k) = -4*k**3 - 33*k**2 - 12141*k - 122114. Determine v(-10).
-4
Let z(y) = -395*y**2 - 32*y + 29. What is z(1)?
-398
Let b(l) = 6557*l - 110419. Determine b(17).
1050
Let a(s) = s**3 + 77*s**2 - 15*s - 1171. What is a(-77)?
-16
Let l(y) = 2020*y - 33281. Determine l(16).
-961
Let h(g) = -885441*g - 4427227. Calculate h(-5).
-22
Let s(w) = 340*w**2 - 2057*w + 102. Give s(6).
0
Let a(g) = -16*g**2 + 179*g - 516. What is a(6)?
-18
Let p(g) = 2*g**3 - 218*g**2 - 2639*g + 10. Determine p(-11).
-1
Let x(g) = -104565*g - 1986707. What is x(-19)?
28
Let o(w) = -w**3 + 205*w**2 + 33383*w + 327. Give o(312).
15
Let c(k) = -3*k**2 + 195*k + 6325. Determine c(-28).
-1487
Let m(c) = -2163*c + 49754. Calculate m(23).
5
Let i(y) = 8*y**2 - 3880*y - 35517. Give i(-9).
51
Let o(s) = -53743*s - 2096051. Determine o(-39).
-74
Let r(k) = 10*k**3 + 34*k**2 + 113*k - 5. Calculate r(-4).
-553
Let o(t) = -420*t**2 + 28990*t - 693. Give o(69).
-3
Let p(c) = 68*c**3 + 30*c**2 + 44*c - 21. Calculate p(-2).
-533
Let f(n) = -n**2 - 560*n + 8621. What is f(15)?
-4
Let i(k) = 1052*k + 96779. Give i(-92).
-5
Let j(c) = -c**3 - 109*c**2 - 27*c - 3068. Calculate j(-109).
-125
Let i(l) = -950*l - 25512. Determine i(-27).
138
Let m(q) = 194037*q - 388061. Give m(2).
13
Let y(h) = -h**2 - 5350*h - 2998094. What is y(-636)?
10
Let o(r) = -142*r**2 - 5270*r - 571. Determine o(-37).
21
Let o(q) = -838*q + 71827. Determine o(88).
-1917
Let m(r) = 21*r**3 + 103*r**2 - 123*r + 92. What is m(-6)?
2
Let w(x) = -6*x**2 - 3814*x + 26982. Give w(7).
-